f 23874958?
False
Does 834 divide 30109612?
False
Is 374 a factor of 674183727?
False
Is 179 a factor of 211138913?
True
Does 327 divide 15134214?
True
Is 275114944 a multiple of 17?
True
Is 142934473 a multiple of 173?
False
Is 12 a factor of 1293943776?
True
Is 639 a factor of 360132103?
False
Is 14 a factor of 38624858?
False
Is 128 a factor of 894211242?
False
Does 302 divide 23873704?
True
Is 244 a factor of 81573332?
False
Is 59996248 a multiple of 3112?
True
Does 1385 divide 465798104?
False
Is 695 a factor of 464429580?
True
Does 2 divide 78163032?
True
Is 114 a factor of 7064664?
False
Is 95274160 a multiple of 820?
True
Is 268077946 a multiple of 773?
True
Is 9164672 a multiple of 64?
True
Is 8356 a factor of 986606599?
False
Is 37 a factor of 1232235716?
True
Is 136 a factor of 16605463?
False
Does 557 divide 808717923?
False
Does 3269 divide 376159765?
False
Does 40 divide 1469934480?
True
Is 8 a factor of 38570304?
True
Does 381 divide 6739509?
True
Is 967 a factor of 21319449?
True
Does 4 divide 278546645?
False
Is 53 a factor of 62356090?
True
Is 149815273 a multiple of 603?
False
Is 27 a factor of 2063112662?
False
Does 3396 divide 554610948?
True
Is 1774 a factor of 72719705?
False
Does 365 divide 24427260?
True
Does 377 divide 30385823?
True
Is 4 a factor of 11829274?
False
Is 310 a factor of 48986200?
True
Does 3 divide 29413839?
True
Is 16 a factor of 3936741152?
True
Is 52056015 a multiple of 605?
True
Is 361531822 a multiple of 1082?
False
Does 13 divide 308867452?
False
Is 8994774 a multiple of 74?
True
Does 140 divide 5369696?
False
Is 70419156 a multiple of 140?
False
Is 37803863 a multiple of 31?
False
Is 4294 a factor of 139653762?
True
Is 96 a factor of 12562305?
False
Is 16 a factor of 2648016?
True
Does 387 divide 544984236?
True
Is 47 a factor of 20910535?
True
Does 46 divide 1502058559?
False
Is 26535325 a multiple of 487?
False
Is 7 a factor of 617624?
True
Is 115245477 a multiple of 8354?
False
Is 31 a factor of 24668497?
False
Is 1010405 a multiple of 11?
True
Is 648416902 a multiple of 419?
False
Is 23 a factor of 13856079?
False
Is 14 a factor of 2812909026?
False
Is 16 a factor of 308199616?
True
Is 12998053 a multiple of 22?
False
Is 99424196 a multiple of 63?
False
Is 555500686 a multiple of 62?
False
Does 670 divide 4433923320?
True
Is 31952171 a multiple of 223?
False
Does 87 divide 1354501173?
True
Is 111 a factor of 3341752680?
True
Does 65 divide 93987720?
False
Does 108 divide 42488388?
True
Is 259 a factor of 89464298?
True
Does 10 divide 27117470?
True
Is 583442790 a multiple of 4342?
False
Is 99324094 a multiple of 2553?
False
Is 26909026 a multiple of 101?
True
Is 177 a factor of 89795286?
True
Is 656 a factor of 45680560?
True
Is 509054234 a multiple of 14?
False
Does 9 divide 668517994?
False
Does 2169 divide 568565193?
False
Does 12 divide 299733516?
True
Is 331 a factor of 52896117?
True
Does 19 divide 2704067594?
False
Is 15528168 a multiple of 19?
True
Is 316796918 a multiple of 19?
True
Is 10 a factor of 980880?
True
Is 325 a factor of 716732575?
True
Is 91463020 a multiple of 31?
True
Does 34 divide 656485906?
True
Is 397 a factor of 1554707455?
False
Is 1097 a factor of 2504460045?
False
Is 1188 a factor of 3511728?
True
Does 127 divide 626008400?
True
Is 266361858 a multiple of 558?
True
Is 4079 a factor of 1055131246?
True
Is 24 a factor of 2861799?
False
Is 39 a factor of 321516?
True
Is 1177606470 a multiple of 1010?
True
Does 55 divide 1166191573?
False
Is 1152654709 a multiple of 11078?
False
Is 42 a factor of 176454894?
True
Is 14 a factor of 3300234?
True
Is 230 a factor of 135442066?
False
Is 180 a factor of 142001100?
True
Is 410755 a multiple of 2?
False
Is 1111663632 a multiple of 4479?
False
Is 420 a factor of 16350600?
True
Is 162332456 a multiple of 442?
True
Does 62 divide 2018629621?
False
Does 89 divide 396063435?
False
Does 108 divide 36534240?
True
Is 1128602338 a multiple of 21?
False
Does 4631 divide 548940216?
True
Does 809 divide 82121590?
True
Does 21 divide 924315?
True
Is 81 a factor of 41735054?
False
Is 40457424 a multiple of 84?
True
Is 267 a factor of 1451412?
True
Is 115 a factor of 1321784986?
False
Is 418262717 a multiple of 8?
False
Is 2645557016 a multiple of 4603?
False
Does 338 divide 1447294724?
False
Is 8 a factor of 93313440?
True
Is 5625255246 a multiple of 151?
True
Is 38842586 a multiple of 223?
True
Does 3 divide 497957529?
True
Is 9734115 a multiple of 17?
True
Is 283 a factor of 45213778?
True
Is 15 a factor of 1069533285?
True
Is 88 a factor of 332803680?
True
Does 20 divide 62644685?
False
Is 11234058 a multiple of 22?
True
Does 14 divide 56987490?
True
Is 166954424 a multiple of 8788?
True
Is 518188808 a multiple of 316?
True
Does 182 divide 225136611?
False
Does 349 divide 10527152?
False
Is 14 a factor of 52998281?
False
Is 8 a factor of 379908416?
True
Does 33 divide 975432?
False
Is 1719844203 a multiple of 7?
True
Is 4561160034 a multiple of 438?
False
Does 63 divide 822060540?
True
Is 167312303 a multiple of 9?
False
Is 145250364 a multiple of 399?
True
Is 90 a factor of 167605667?
False
Is 113955746 a multiple of 3?
False
Is 1396810890 a multiple of 11?
False
Is 1824423015 a multiple of 127?
False
Is 30872391 a multiple of 1243?
True
Is 568828960 a multiple of 1120?
True
Does 1962 divide 690542684?
False
Is 12 a factor of 2169969537?
False
Is 94 a factor of 21237066?
False
Is 730 a factor of 140426450?
True
Is 4160 a factor of 404476292?
False
Is 273 a factor of 314583520?
False
Does 854 divide 1451712044?
False
Is 46974683 a multiple of 129?
False
Does 6 divide 118930386?
True
Is 59908890 a multiple of 645?
True
Does 1307 divide 3360297?
True
Is 24 a factor of 91464810?
False
Does 26 divide 4651900527?
False
Does 9 divide 14864793?
False
Is 9045522 a multiple of 18?
True
Is 110 a factor of 163739891?
False
Does 6986 divide 733515982?
False
Does 342 divide 74973240?
True
Is 75 a factor of 11700150?
True
Is 1618294973 a multiple of 364?
False
Does 3425 divide 163290300?
True
Does 16 divide 3627423818?
False
Does 430 divide 65022020?
True
Does 393 divide 1139993656?
False
Does 47 divide 132726872?
True
Is 446 a factor of 3110869562?
False
Does 34 divide 1402029295?
False
Is 23784237 a multiple of 15?
False
Is 20741600 a multiple of 200?
True
Does 1521 divide 335403315?
True
Is 163 a factor of 149754457?
True
Is 29 a factor of 417466750?
False
Is 501380293 a multiple of 97?
True
Does 85 divide 960434550?
True
Does 15 divide 655188531?
False
Is 1014870934 a multiple of 1474?
False
Is 7 a factor of 298933075?
True
Is 37758282 a multiple of 1245?
False
Does 18 divide 2396578158?
True
Does 1664 divide 104191360?
True
Does 8174 divide 1367992466?
True
Is 118130890 a multiple of 751?
False
Is 189 a factor of 29856575?
False
Is 209202 a multiple of 3?
True
Is 2840333210 a multiple of 7618?
True
Does 29 divide 4445?
False
Does 18 divide 486579906?
True
Is 642 a factor of 34902943?
False
Is 226476 a multiple of 27?
True
Does 9739 divide 605765800?
True
Does 4 divide 5369953?
False
Is 1329382810 a multiple of 8042?
True
Does 19 divide 25140819?
True
Is 198482619 a multiple of 33?
False
Does 1134 divide 157815378?
True
Is 6558 a factor of 922599114?
True
Is 54 a factor of 42573819?
False
Does 13 divide 35415653?
True
Does 2767 divide 952797081?
True
Is 2348 a factor of 965605544?
False
Is 1361 a factor of 39091328?
False
Is 15 a factor of 42057374?
False
Is 53966792 a multiple of 3928?
True
Does 13 divide 59700303?
True
Is 1277 a factor of 794198225?
True
Is 154329150 a multiple of 2022?
True
Is 126318474 a multiple of 834?
True
Is 151755179 a multiple of 40?
False
Does 115 divide 83432615?
True
Is 253835400 a multiple of 4035?
False
Is 77938752 a multiple of 12?
True
Does 8 divide 261189512?
True
Is 1204 a factor of 15862700?
True
Does 1943 divide 70598905?
True
Is 2650 a factor of 171229750?
True
Is 786228363 a multiple of 81?
True
Does 3 divide 1214476?
False
Is 269 a factor of 285417194?
False
Does 251 divide 34817967?
True
Is 1816 a factor of 663711680?
True
Does 137 divide 7444717?
True
Does 30 divide 55640399?
False
Is 81 a factor of 341990123?
False
Does 20 divide 760579560?
True
Does 5300 divide 293551100?
True
Is 73061042 a mult